{"id":19,"date":"2023-11-23T09:14:46","date_gmt":"2023-11-23T09:14:46","guid":{"rendered":"https:\/\/pfalz-cyber-security.de\/?page_id=19"},"modified":"2023-11-23T22:09:12","modified_gmt":"2023-11-23T22:09:12","slug":"it-loesungen-christian-mueller","status":"publish","type":"page","link":"https:\/\/pfalz-cyber-security.de\/","title":{"rendered":"IT-L\u00f6sungen Christian M\u00fcller"},"content":{"rendered":"\t\t<div data-elementor-type=\"wp-post\" data-elementor-id=\"19\" class=\"elementor elementor-19\" data-elementor-post-type=\"page\">\n\t\t\t\t<div class=\"elementor-element elementor-element-05a6cfe e-flex e-con-boxed e-con e-parent\" data-id=\"05a6cfe\" data-element_type=\"container\" data-e-type=\"container\">\n\t\t\t\t\t<div class=\"e-con-inner\">\n\t\t\t\t<div class=\"elementor-element elementor-element-9d4d416 elementor-widget elementor-widget-heading\" data-id=\"9d4d416\" data-element_type=\"widget\" data-e-type=\"widget\" data-widget_type=\"heading.default\">\n\t\t\t\t<div class=\"elementor-widget-container\">\n\t\t\t\t\t<h2 class=\"elementor-heading-title elementor-size-default\">Hier entsteht die neue Internetpr\u00e4senz von\n<\/h2>\t\t\t\t<\/div>\n\t\t\t\t<\/div>\n\t\t\t\t<div class=\"elementor-element elementor-element-3f7b5dc elementor-widget elementor-widget-spacer\" data-id=\"3f7b5dc\" data-element_type=\"widget\" data-e-type=\"widget\" data-widget_type=\"spacer.default\">\n\t\t\t\t<div class=\"elementor-widget-container\">\n\t\t\t\t\t\t\t<div class=\"elementor-spacer\">\n\t\t\t<div class=\"elementor-spacer-inner\"><\/div>\n\t\t<\/div>\n\t\t\t\t\t\t<\/div>\n\t\t\t\t<\/div>\n\t\t\t\t\t<\/div>\n\t\t\t\t<\/div>\n\t\t<div class=\"elementor-element elementor-element-ee141d5 e-flex e-con-boxed e-con e-parent\" data-id=\"ee141d5\" data-element_type=\"container\" data-e-type=\"container\">\n\t\t\t\t\t<div class=\"e-con-inner\">\n\t\t\t\t<div class=\"elementor-element elementor-element-c810c68 elementor-widget elementor-widget-heading\" data-id=\"c810c68\" data-element_type=\"widget\" data-e-type=\"widget\" data-widget_type=\"heading.default\">\n\t\t\t\t<div class=\"elementor-widget-container\">\n\t\t\t\t\t<h1 class=\"elementor-heading-title elementor-size-xxl\">IT-L\u00f6sungen Christian M\u00fcller<\/h1>\t\t\t\t<\/div>\n\t\t\t\t<\/div>\n\t\t\t\t\t<\/div>\n\t\t\t\t<\/div>\n\t\t<div class=\"elementor-element elementor-element-778f7bc e-flex e-con-boxed e-con e-parent\" data-id=\"778f7bc\" data-element_type=\"container\" data-e-type=\"container\">\n\t\t\t\t\t<div class=\"e-con-inner\">\n\t\t\t\t<div class=\"elementor-element elementor-element-a762d82 elementor-widget elementor-widget-heading\" data-id=\"a762d82\" data-element_type=\"widget\" data-e-type=\"widget\" data-widget_type=\"heading.default\">\n\t\t\t\t<div class=\"elementor-widget-container\">\n\t\t\t\t\t<h2 class=\"elementor-heading-title elementor-size-default\">Ihr kompetenter Partner in Sachen Cybersecurity und zuverl\u00e4ssige IT<\/h2>\t\t\t\t<\/div>\n\t\t\t\t<\/div>\n\t\t\t\t<div class=\"elementor-element elementor-element-cd02585 elementor-widget elementor-widget-spacer\" data-id=\"cd02585\" data-element_type=\"widget\" data-e-type=\"widget\" data-widget_type=\"spacer.default\">\n\t\t\t\t<div class=\"elementor-widget-container\">\n\t\t\t\t\t\t\t<div class=\"elementor-spacer\">\n\t\t\t<div class=\"elementor-spacer-inner\"><\/div>\n\t\t<\/div>\n\t\t\t\t\t\t<\/div>\n\t\t\t\t<\/div>\n\t\t\t\t<div class=\"elementor-element elementor-element-71e3973 elementor-widget elementor-widget-image\" data-id=\"71e3973\" data-element_type=\"widget\" data-e-type=\"widget\" data-widget_type=\"image.default\">\n\t\t\t\t<div class=\"elementor-widget-container\">\n\t\t\t\t\t\t\t\t\t\t\t\t\t\t\t<img fetchpriority=\"high\" decoding=\"async\" width=\"344\" height=\"470\" src=\"https:\/\/pfalz-cyber-security.de\/wp-content\/uploads\/2023\/11\/Logo_STD_Black.png\" class=\"attachment-large size-large wp-image-12\" alt=\"\" srcset=\"https:\/\/pfalz-cyber-security.de\/wp-content\/uploads\/2023\/11\/Logo_STD_Black.png 344w, https:\/\/pfalz-cyber-security.de\/wp-content\/uploads\/2023\/11\/Logo_STD_Black-220x300.png 220w\" sizes=\"(max-width: 344px) 100vw, 344px\" \/>\t\t\t\t\t\t\t\t\t\t\t\t\t\t\t<\/div>\n\t\t\t\t<\/div>\n\t\t\t\t\t<\/div>\n\t\t\t\t<\/div>\n\t\t\t\t<\/div>\n\t\t","protected":false},"excerpt":{"rendered":"<p>Hier entsteht die neue Internetpr\u00e4senz von IT-L\u00f6sungen Christian M\u00fcller Ihr kompetenter Partner in Sachen Cybersecurity und zuverl\u00e4ssige IT<\/p>\n","protected":false},"author":1,"featured_media":0,"parent":0,"menu_order":0,"comment_status":"closed","ping_status":"closed","template":"","meta":{"footnotes":""},"class_list":["post-19","page","type-page","status-publish","hentry"],"_links":{"self":[{"href":"https:\/\/pfalz-cyber-security.de\/index.php?rest_route=\/wp\/v2\/pages\/19","targetHints":{"allow":["GET"]}}],"collection":[{"href":"https:\/\/pfalz-cyber-security.de\/index.php?rest_route=\/wp\/v2\/pages"}],"about":[{"href":"https:\/\/pfalz-cyber-security.de\/index.php?rest_route=\/wp\/v2\/types\/page"}],"author":[{"embeddable":true,"href":"https:\/\/pfalz-cyber-security.de\/index.php?rest_route=\/wp\/v2\/users\/1"}],"replies":[{"embeddable":true,"href":"https:\/\/pfalz-cyber-security.de\/index.php?rest_route=%2Fwp%2Fv2%2Fcomments&post=19"}],"version-history":[{"count":28,"href":"https:\/\/pfalz-cyber-security.de\/index.php?rest_route=\/wp\/v2\/pages\/19\/revisions"}],"predecessor-version":[{"id":54,"href":"https:\/\/pfalz-cyber-security.de\/index.php?rest_route=\/wp\/v2\/pages\/19\/revisions\/54"}],"wp:attachment":[{"href":"https:\/\/pfalz-cyber-security.de\/index.php?rest_route=%2Fwp%2Fv2%2Fmedia&parent=19"}],"curies":[{"name":"wp","href":"https:\/\/api.w.org\/{rel}","templated":true}]}}